+ 3. What is the units digit of j?
0
Let k(n) = -n**3 - 6*n**2 + n + 4. Let r be k(-6). What is the units digit of -6 + 19 + (r - -5)?
6
Suppose -3*q - 4 + 29 = 2*x, -5*q = x - 30. Suppose 0 = q*y - 18 - 37. What is the tens digit of y?
1
Let u be 9 - 1*(2 - 0). Let a(x) = x**2 - x - 9. What is the tens digit of a(u)?
3
Let z = 22 - 20. Suppose 2*s - z*r + 37 = 3*s, -2*s + r + 69 = 0. What is the tens digit of s?
3
Let v(r) = r**3 - 12*r**2 - 19*r. What is the units digit of v(14)?
6
Let i be 3/(-1*(-3)/2). Suppose -i*f + 1 = j - 3*f, 0 = 3*j + 2*f + 7. What is the units digit of ((-10)/(-4))/(j/(-2))?
5
Let b(j) = -6*j**3 + 2*j**2 + j. What is the units digit of b(-2)?
4
Let f(n) = n**2 + 2*n - 1. Let j be f(-2). Let g = j - -1. Suppose 2*d - 2*x = 2, 0 = d + 3*x - g - 5. What is the units digit of d?
2
Let l(j) = -j**2 - 6*j + 8. Let t be l(-7). What is the tens digit of (-2)/(t/(39/(-6)))?
1
Let j(s) = s**3 + s**2 + 3*s - 2. Let l = 10 + -8. Let i be j(l). Let v = -5 + i. What is the units digit of v?
1
Suppose 3*h = 8*h - 170. Let p = h - 47. Let r = 27 + p. What is the units digit of r?
4
Let q = 1 + -3. Suppose 3*g - 58 = -5*m + 4*g, -4*g - 16 = -2*m. What is the units digit of q/(-1)*-1 + m?
0
What is the tens digit of 16/12*33/2?
2
Let s(w) = -w**3 + 8*w**2 + 6*w - 13. What is the units digit of s(8)?
5
Let l = -2 + 5. Let a = -5 + l. Let j = 10 + a. What is the units digit of j?
8
Let k = 343 + -238. What is the hundreds digit of k?
1
Let g be 7 + (-3 - 2/(-1)). What is the tens digit of g/(-4)*(-228)/18?
1
Let n(f) = 5*f**2 + 2*f - 5. What is the units digit of n(4)?
3
Let y(n) = n + 7. Let d be y(-5). Suppose -8 - 1 = -3*k. Suppose 2*v - 4*x = 0, k = x - d. What is the tens digit of v?
1
Let h be (-31)/(-2) + 1/2. Suppose -h = -i - i. What is the units digit of i?
8
Let z = -5 + 25. Suppose 5*f = 2*b + 75, -4*f + 40 = 2*b - z. What is the tens digit of f?
1
Let p = 95 + -83. What is the tens digit of p?
1
Let v be (-16)/(-10)*(-5)/1. Let h = 6 + v. What is the tens digit of (-196)/(-7)*h/(-4)?
1
Suppose 15 = -5*p, -5*m + 66 + 29 = -5*p. Let x = m - 8. What is the units digit of x?
8
Let t(c) = c**2 - 3*c + 3. Let g(q) = q**3 + 6*q**2 - 8*q - 2. Let d be g(-7). Suppose d = 2*v - 3. What is the units digit of t(v)?
7
Let a be (-9)/2*(-16)/12. Let f = a + -4. What is the units digit of (3 - 1) + (2 - f)?
2
Suppose 73 - 33 = 5*j. What is the units digit of j?
8
Let q = 167 - 56. What is the tens digit of q?
1
Let z be 2/5 + (-18)/(-5). Suppose j + j = z. What is the units digit of j?
2
Let w(f) = -4*f**3 - 2*f**2 + 3*f + 2. What is the tens digit of w(-3)?
8
Let g(h) = h**2 - 4*h + 12. Let l = -18 + 26. What is the tens digit of g(l)?
4
Suppose 0*z - 15 = 3*z. Let k = z + 8. Suppose k*s - 24 = 3*n, -s - 2*n - 13 = -2*s. What is the units digit of s?
3
Suppose -3*l - 8 = -7*l. Suppose l*v + v = 15. What is the units digit of v?
5
Let p = -8 + 28. What is the tens digit of p?
2
Suppose 6*a = -5*p + 2*a + 130, -2*p + 59 = 3*a. What is the tens digit of p?
2
Suppose 5*k = 2*f + 82, -f + 1 = -2*f. Suppose u + z = k, -5*u + 92 = -0*u - z. Suppose 0 = 3*c - 2*r - u - 1, r = c - 8. What is the units digit of c?
3
Let r(z) be the second derivative of -z**4/12 + 3*z**3/2 - 4*z**2 + z. What is the tens digit of r(6)?
1
Let b(i) = i**3 - 13*i**2 + 6*i + 10. Let a(t) = 2*t**3 - 27*t**2 + 11*t + 20. Let q(u) = 2*a(u) - 5*b(u). Let s be 29/3 + 2/6. What is the tens digit of q(s)?
1
Suppose -4*i + r = -139, 4*i + r = -4*r + 169. Let j(p) = 27*p + 1. Let l be j(-1). Let y = i + l. What is the tens digit of y?
1
Let i(m) = 88*m + 5. What is the units digit of i(1)?
3
Let c = 683 + -345. What is the tens digit of c?
3
Suppose 0 = 2*w - 0*w - 10. Suppose 2*f + 6 = 2*d, 0*f + w*f - d - 5 = 0. What is the units digit of f?
2
Let m = -6 + 19. Let d = 50 - 45. Let y = m - d. What is the units digit of y?
8
What is the units digit of 3*((-13)/(-3) - 3)?
4
Suppose -7*k + 3*k = -4*d + 4, -4*d + 19 = k. Suppose -k*x + 0 + 3 = 0. What is the units digit of x?
1
Let q be (-10)/4*(-38)/1. Suppose 3*n = q + 16. What is the tens digit of n?
3
Suppose 3*l - 2 = -5. Let z = l - -1. Let v = 1 - z. What is the units digit of v?
1
Let x = 0 - 1. Let w(y) = -y + 4 - 4 + 5*y**2. What is the units digit of w(x)?
6
Let q(s) = -2*s**2 - 3*s - 1. Let r be q(-2). Let i be 1/(1 - (-1 - r)). What is the units digit of 2/(-3)*6*i?
4
Suppose o + o = -5*a + 19, -2*a = -5*o + 4. Suppose o*m - 48 = -2*m + w, 5*m - 2*w - 63 = 0. What is the units digit of m?
1
Let t(x) = x**3 - x**2 - 3*x + 3. What is the tens digit of t(4)?
3
Let s(o) be the third derivative of -o**6/120 - o**5/10 + o**4/4 + 5*o**3/3 - o**2. What is the units digit of s(-7)?
7
Suppose -2*t - 27 = t. What is the units digit of t*2*(-1)/6?
3
Let u = -31 - -41. Let b(o) = 2*o. Let q be b(1). Suppose -w - u = -q*w. What is the units digit of w?
0
Suppose -2*h = 3*h. Let t = 14 - h. What is the tens digit of t?
1
Suppose -4*q + 49 = -0*q + 5*j, 0 = 3*q + 3*j - 33. Suppose -2*m = n + 1, -3*m = -m + q. What is the units digit of n?
5
Suppose -2*t - 1 = -5*t + x, 2*x = 4*t. What is the tens digit of 2 - (t + 20/(-2))?
1
Let z = 109 + -58. What is the units digit of z?
1
Let r be 15/(-2) + (-9)/6. Let m = -5 - r. Suppose -f + m = -2. What is the units digit of f?
6
Let i be (-168)/30 + 4/(-10). Suppose -2*q - 5*w + 23 = 2*q, -2*q = -3*w - 39. Let g = q + i. What is the units digit of g?
6
Suppose -a = -5*a - y + 87, 2*a = 2*y + 36. What is the units digit of a?
1
Let m(n) = -n**3 + 8*n**2 - 8*n + 2. Let v be m(7). Let d(j) = -j**3 - 4*j**2 - 4. What is the tens digit of d(v)?
2
Let i = 114 - 17. What is the units digit of i?
7
Suppose 37*k = 31*k + 912. What is the tens digit of k?
5
Let n be (4/10)/((-4)/(-10)). What is the tens digit of -4*(-6)/n + -2?
2
Let b be (-16)/(-40) - (-4)/(-10). Suppose -3*z + b = -24. What is the units digit of z?
8
Suppose -4*i - 5*m + 90 = 0, 0*m = -5*i - 3*m + 119. What is the tens digit of i?
2
Let j = 10 - 6. Suppose 0 = -j*r + 4 + 4. What is the units digit of r?
2
Suppose 0*v = -v + 51. Let n be (-7)/(-21)*v/1. Let z = -8 + n. What is the units digit of z?
9
Suppose 0 = -s + 72 + 3. What is the tens digit of s?
7
Let l(r) = -1. Let c(i) = i + 6. Let j(h) = c(h) + 3*l(h). What is the units digit of j(-2)?
1
Let w = -6 + 6. Suppose -r + 4*a - 14 = 0, w = 4*r - 4*a + 10 - 2. What is the units digit of r?
2
Suppose -7 + 28 = 7*t. What is the units digit of t?
3
Let m(d) = d**3 + 5*d**2 - 5*d + 8. Let l be m(-6). Suppose -f + l*f = 3*i + 7, f - i = 5. What is the units digit of f?
4
What is the hundreds digit of -5 - -57*3 - -4?
1
Let i be 6/(-12)*16*-1. Suppose z - i = 4. What is the units digit of z?
2
Suppose -q + 3*v - v = -44, -q + 4*v + 44 = 0. Let g = q - -11. What is the tens digit of g?
5
Let k = 56 + -11. What is the tens digit of k?
4
Suppose -20*f + 16*f = -692. What is the tens digit of f?
7
Let h be 4/18 - 38/9. Let y = -3 - -4. What is the tens digit of (h/2)/(y/(-6))?
1
Suppose -24 = 3*i + i. What is the tens digit of (40/i)/(2/(-3))?
1
Suppose 1 = p + 3*l - 2*l, -10 = 5*l. Suppose -w - 28 = -p*b + 4*w, -4*b + 3*w = -41. What is the tens digit of b?
1
Let m = -11 - 3. Let h(w) = -w**2 - 14*w + 9. What is the units digit of h(m)?
9
Let n(v) = -v**3 - 5*v**2 + v - 5. Let a be n(-6). Let k = a - -11. What is the units digit of k?
6
Let t(b) = 2*b**3 + b**2 - 7*b - 1. What is the tens digit of t(3)?
4
Suppose -5*o + 3*l + 0*l = -20, 0 = 2*o + 4*l - 34. Suppose o*f = 2*f + 30. What is the units digit of f?
6
Let q be 10/2 + (1 - 2). Suppose -4*x + q = -12. What is the units digit of x?
4
Let w(y) = -y**3 + 10*y**2 - 10*y + 11. Let m(l) = -l**2 - 7*l + 9. Let s be m(-7). What is the units digit of w(s)?
2
Let l be (-10)/(-15) + (-254)/(-6). Let x = l - 21. What is the units digit of x?
2
What is the tens digit of 2 + -5 - (-23 + -2)?
2
Let d be 6/(-3) - -26 - 1. Suppose 5*a + d = 93. Let h = -6 + a. What is the units digit of h?
8
Let u = 102 + -74. What is the units digit of u?
8
What is the tens digit of (200/12)/((-4)/(-6))?
2
What is the units digit of -1 + 2 - (-54)/2?
8
Let h(a) be the third derivative of -a**5/60 + 7*a**4/12 - a**3 - 3*a**2. What is the units digit of h(12)?
8